tors of 3.
3
List the prime factors of 11469.
3, 3823
What are the prime factors of 497?
7, 71
List the prime factors of 52954.
2, 11, 29, 83
List the prime factors of 70938.
2, 3, 7, 563
What are the prime factors of 7259?
7, 17, 61
List the prime factors of 3693.
3, 1231
List the prime factors of 13943.
73, 191
What are the prime factors of 9206?
2, 4603
List the prime factors of 10940.
2, 5, 547
List the prime factors of 113898.
2, 3, 41, 463
List the prime factors of 2620.
2, 5, 131
List the prime factors of 8598.
2, 3, 1433
What are the prime factors of 2636?
2, 659
List the prime factors of 859.
859
List the prime factors of 700.
2, 5, 7
What are the prime factors of 156718?
2, 127, 617
List the prime factors of 11865.
3, 5, 7, 113
What are the prime factors of 15585?
3, 5, 1039
List the prime factors of 4387.
41, 107
List the prime factors of 2947.
7, 421
What are the prime factors of 3066?
2, 3, 7, 73
List the prime factors of 4043.
13, 311
What are the prime factors of 156?
2, 3, 13
What are the prime factors of 2373?
3, 7, 113
What are the prime factors of 20410?
2, 5, 13, 157
What are the prime factors of 7491?
3, 11, 227
What are the prime factors of 4171?
43, 97
List the prime factors of 12272.
2, 13, 59
List the prime factors of 858.
2, 3, 11, 13
List the prime factors of 29632.
2, 463
What are the prime factors of 30888?
2, 3, 11, 13
What are the prime factors of 1396?
2, 349
What are the prime factors of 15971?
15971
List the prime factors of 1205.
5, 241
What are the prime factors of 4075?
5, 163
List the prime factors of 4612.
2, 1153
What are the prime factors of 503?
503
List the prime factors of 328.
2, 41
List the prime factors of 110054.
2, 7, 1123
What are the prime factors of 15603?
3, 7, 743
List the prime factors of 13226.
2, 17, 389
What are the prime factors of 1709?
1709
What are the prime factors of 29048?
2, 3631
List the prime factors of 3741.
3, 29, 43
What are the prime factors of 2522?
2, 13, 97
What are the prime factors of 3018?
2, 3, 503
What are the prime factors of 1932?
2, 3, 7, 23
List the prime factors of 8750.
2, 5, 7
List the prime factors of 14731.
14731
What are the prime factors of 6598?
2, 3299
List the prime factors of 21625.
5, 173
What are the prime factors of 22633?
13, 1741
What are the prime factors of 3103?
29, 107
What are the prime factors of 32414?
2, 19, 853
What are the prime factors of 5399?
5399
List the prime factors of 2318.
2, 19, 61
What are the prime factors of 5044?
2, 13, 97
What are the prime factors of 666?
2, 3, 37
What are the prime factors of 28521?
3, 3169
What are the prime factors of 911?
911
What are the prime factors of 28100?
2, 5, 281
What are the prime factors of 5208?
2, 3, 7, 31
List the prime factors of 3694.
2, 1847
List the prime factors of 2338.
2, 7, 167
What are the prime factors of 4731?
3, 19, 83
What are the prime factors of 4670?
2, 5, 467
What are the prime factors of 24502?
2, 12251
What are the prime factors of 814?
2, 11, 37
List the prime factors of 25474.
2, 47, 271
What are the prime factors of 107?
107
What are the prime factors of 56629?
56629
What are the prime factors of 126866?
2, 229, 277
What are the prime factors of 1038?
2, 3, 173
List the prime factors of 10243.
10243
List the prime factors of 10223.
10223
What are the prime factors of 6535?
5, 1307
List the prime factors of 1471.
1471
What are the prime factors of 76920?
2, 3, 5, 641
List the prime factors of 29963.
19, 83
What are the prime factors of 1730?
2, 5, 173
List the prime factors of 4460.
2, 5, 223
What are the prime factors of 90319?
181, 499
List the prime factors of 27777.
3, 47, 197
List the prime factors of 9458.
2, 4729
List the prime factors of 23104.
2, 19
What are the prime factors of 48173?
67, 719
What are the prime factors of 1681?
41
What are the prime factors of 1026?
2, 3, 19
What are the prime factors of 347?
347
List the prime factors of 3344.
2, 11, 19
List the prime factors of 9030.
2, 3, 5, 7, 43
What are the prime factors of 54565?
5, 7, 1559
What are the prime factors of 92113?
7, 13159
What are the prime factors of 30790?
2, 5, 3079
List the prime factors of 3199.
7, 457
What are the prime factors of 5696?
2, 89
List the prime factors of 1897.
7, 271
What are the prime factors of 4981?
17, 293
List the prime factors of 539.
7, 11
What are the prime factors of 43131?
3, 11, 1307
What are the prime factors of 7120?
2, 5, 89
What are the prime factors of 157746?
2, 3, 61, 431
List the prime factors of 119801.
11, 10891
List the prime factors of 8238.
2, 3, 1373
What are the prime factors of 15418?
2, 13, 593
What are the prime factors of 1447?
1447
What are the prime factors of 22924?
2, 11, 521
List the prime factors of 74.
2, 37
What are the prime factors of 3858?
2, 3, 643
List the prime factors of 17570.
2, 5, 7, 251
What are the prime factors of 819?
3, 7, 13
List the prime factors of 37412.
2, 47, 199
List the prime factors of 934.
2, 467
List the prime factors of 5904.
2, 3, 41
What are the prime factors of 457?
457
List the prime factors of 2139.
3, 23, 31
List the prime factors of 3145.
5, 17, 37
What are the prime factors of 221?
13, 17
What are the prime factors of 37194?
2, 3, 6199
What are the prime factors of 93660?
2, 3, 5, 7, 223
What are the prime factors of 21905?
5, 13, 337
List the prime factors of 54318.
2, 3, 11, 823
List the prime factors of 728.
2, 7, 13
List the prime factors of 4869.
3, 541
What are the prime factors of 24270?
2, 3, 5, 809
What are the prime factors of 100082?
2, 163, 307
List the prime factors of 3111.
3, 17, 61
List the prime factors of 4440.
2, 3, 5, 37
What are the prime factors of 892?
2, 223
What are the prime factors of 15360?
2, 3, 5
What are the prime factors of 1035?
3, 5, 23
List the prime factors of 880.
2, 5, 11
List the prime factors of 17949.
3, 31, 193
List the prime factors of 21440.
2, 5, 67
What are the prime factors of 811?
811
List the prime factors of 2283.
3, 761
What are the prime factors of 1272?
2, 3, 53
What are the prime factors of 67134?
2, 3, 67, 167
What are the prime factors of 6580?
2, 5, 7, 47
List the prime factors of 36896.
2, 1153
What are the prime factors of 25075?
5, 17, 59
List the prime factors of 66452.
2, 37, 449
List the prime factors of 29205.
3, 5, 11, 59
What are the prime factors of 14423?
14423
What are the prime factors of 58196?
2, 14549
What are the prime factors of 11627?
7, 11, 151
List the prime factors of 61916.
2, 23, 673
List the prime factors of 14830.
2, 5, 1483
List the prime factors of 3130.
2, 5, 313
What are the prime factors of 2489?
19, 131
What are the prime factors of 3293?
37, 89
What are the prime factors of 21011?
21011
List the prime factors of 16038.
2, 3, 11
What are the prime factors of 101828?
2, 25457
List the prime factors of 1970.
2, 5, 197
List the prime factors of 14460.
2, 3, 5, 241
List the prime factors of 2821.
7, 13, 31
What are the prime factors of 5722?
2, 2861
List the prime factors of 3234.
2, 3, 7, 11
What are the prime factors of 5727?
3, 23, 83
List the prime factors of 368.
2, 23
List the prime factors of 74316.
2, 3, 11, 563
List the prime factors of 144.
2, 3
List the prime factors of 3128.
2, 17, 23
List the prime factors of 127909.
37, 3457
What are the prime factors of 50984?
2, 6373
What are the prime factors of 19271?
7, 2753
What are the prime factors of 62?
2, 31
What are the prime factors of 22969?
103, 223
List the prime factors of 3670.
2, 5, 367
List the prime factors of 25723.
29, 887
List the prime factors of 883.
883
List the prime factors of 1240.
2, 5, 31
List the prime factors of 2274.
2, 3, 379
List the prime factors of 28468.
2, 11, 647
List the prime factors of 838.
2, 419
What are the prime factors of 37125?
3, 5, 11
List the prime factors of 8509.
67, 127
What are the prime factors of 14413?
7, 29, 71
What are the prime factors of 28785?
3, 5, 19, 101
What are the prime factors of 710?
2, 5, 71
What are the prime factors of 63815?
5, 12763
What are the prime factors of 4685?
5, 937
List the prime factors of 888.
2, 3, 37
What are the prime factors of 4471?
17, 263
What are the prime factors of 345?
3, 5, 23
What are the prime factors of 1194?
2, 3, 199
What are the prime factors of 21684